 9 a factor of 646083?
True
Is 5312 a multiple of 32?
True
Is 94582 a multiple of 38?
True
Is 557730 a multiple of 125?
False
Does 408 divide 2225640?
True
Is 104 a factor of 2947984?
True
Does 56 divide 69048?
True
Does 7 divide 59031?
True
Is 36 a factor of 63000?
True
Is 6289392 a multiple of 926?
True
Is 11 a factor of 38841?
True
Is 448590 a multiple of 232?
False
Is 159265 a multiple of 5?
True
Is 264990 a multiple of 30?
True
Is 813302 a multiple of 9?
False
Is 182 a factor of 108121?
False
Is 29 a factor of 1402517?
False
Is 8 a factor of 9464768?
True
Does 80 divide 445520?
True
Does 155 divide 3278382?
False
Is 15 a factor of 17600?
False
Is 223261 a multiple of 42?
False
Is 5 a factor of 394416?
False
Does 22 divide 1755686?
False
Is 5 a factor of 41985?
True
Is 89 a factor of 51268?
False
Does 15 divide 57360?
True
Does 81 divide 93506?
False
Does 52 divide 298912?
False
Does 216 divide 5616?
True
Does 47 divide 134937?
True
Is 27741 a multiple of 7?
True
Does 23 divide 33500?
False
Is 130 a factor of 103350?
True
Is 602 a factor of 652578?
False
Does 242 divide 415756?
True
Is 31208 a multiple of 65?
False
Does 41 divide 7273260?
False
Is 2701800 a multiple of 760?
True
Is 145296 a multiple of 89?
False
Is 241 a factor of 120513?
False
Is 6 a factor of 55195?
False
Is 4 a factor of 597140?
True
Is 3 a factor of 27881?
False
Does 155 divide 142445?
True
Is 619472 a multiple of 112?
True
Does 13 divide 576173?
True
Is 273 a factor of 5835555?
False
Is 73 a factor of 4080262?
True
Is 22071 a multiple of 6?
False
Is 53336 a multiple of 113?
True
Is 21 a factor of 521123?
False
Is 768 a factor of 576000?
True
Is 2158591 a multiple of 24?
False
Is 321329 a multiple of 2?
False
Is 617822 a multiple of 541?
True
Does 3 divide 75292?
False
Does 5 divide 1579030?
True
Does 162 divide 683964?
True
Is 228959 a multiple of 17?
False
Does 56 divide 5025440?
True
Is 144 a factor of 1708575?
False
Is 24 a factor of 229056?
True
Does 9 divide 1742607?
True
Does 110 divide 150756?
False
Is 117 a factor of 2835159?
False
Is 122 a factor of 195444?
True
Does 30 divide 2102460?
True
Does 887 divide 834083?
False
Is 13 a factor of 21349?
False
Does 64 divide 405876?
False
Is 105 a factor of 353850?
True
Does 288 divide 120888?
False
Is 17 a factor of 38625?
False
Is 104821 a multiple of 12?
False
Is 62 a factor of 2856511?
False
Is 1303913 a multiple of 5?
False
Is 4113066 a multiple of 1471?
False
Is 55236 a multiple of 24?
False
Does 594 divide 172260?
True
Does 7 divide 7623614?
False
Is 4 a factor of 152548?
True
Does 9 divide 2913980?
False
Does 25 divide 14257?
False
Is 2254192 a multiple of 60?
False
Is 176949 a multiple of 9?
True
Is 173 a factor of 217395?
False
Does 37 divide 142888?
False
Does 25 divide 2180650?
True
Does 72 divide 88344?
True
Is 215025 a multiple of 15?
True
Is 75180 a multiple of 210?
True
Is 1283364 a multiple of 378?
False
Does 181 divide 147877?
True
Is 365513 a multiple of 13?
False
Does 58 divide 3576164?
True
Does 792 divide 707256?
True
Does 12 divide 341121?
False
Is 513 a factor of 197505?
True
Is 1636407 a multiple of 566?
False
Is 176 a factor of 958144?
True
Is 50424 a multiple of 191?
True
Does 289 divide 1305702?
True
Does 38 divide 301826?
False
Is 179467 a multiple of 197?
True
Is 26 a factor of 9289045?
False
Is 168531 a multiple of 235?
False
Does 96 divide 2483613?
False
Is 67151 a multiple of 53?
True
Does 44 divide 312796?
True
Does 17 divide 249692?
False
Is 199 a factor of 668640?
True
Is 28959 a multiple of 123?
False
Does 182 divide 756392?
True
Is 6888167 a multiple of 377?
True
Does 845 divide 677690?
True
Is 1073890 a multiple of 57?
False
Is 22 a factor of 788497?
False
Is 2987693 a multiple of 20?
False
Does 8 divide 71338?
False
Is 1228626 a multiple of 77?
False
Does 67 divide 476236?
True
Is 196 a factor of 523516?
True
Does 666 divide 197136?
True
Is 24955182 a multiple of 1851?
True
Is 3483850 a multiple of 28?
False
Is 262305 a multiple of 261?
True
Does 8 divide 4113366?
False
Is 278532 a multiple of 12?
True
Does 88 divide 89273?
False
Does 24 divide 214176?
True
Is 77 a factor of 488488?
True
Is 67389 a multiple of 2?
False
Is 441 a factor of 1297422?
True
Does 11 divide 51405?
False
Does 32 divide 470720?
True
Does 156 divide 998244?
True
Is 150 a factor of 79389?
False
Is 41880 a multiple of 10?
True
Is 23 a factor of 3363020?
False
Is 89 a factor of 175209?
False
Is 1827818 a multiple of 886?
True
Does 163 divide 171157?
False
Does 223 divide 810159?
True
Is 129549 a multiple of 58?
False
Is 1623264 a multiple of 888?
True
Is 63 a factor of 161784?
True
Is 119 a factor of 5395420?
False
Is 223 a factor of 1138651?
False
Is 20 a factor of 3811?
False
Does 686 divide 8166830?
True
Does 63 divide 403322?
False
Is 6 a factor of 27026?
False
Does 342 divide 861498?
True
Is 367 a factor of 962274?
True
Is 28160 a multiple of 22?
True
Is 74050 a multiple of 5?
True
Is 23 a factor of 70173?
True
Is 37 a factor of 47690?
False
Is 693160 a multiple of 430?
True
Is 4323806 a multiple of 10?
False
Is 1294370 a multiple of 205?
True
Is 62 a factor of 11632564?
True
Does 58 divide 1365480?
False
Is 251 a factor of 1467041?
False
Is 17 a factor of 289816?
True
Is 649293 a multiple of 396?
False
Does 535 divide 4067070?
True
Does 89 divide 109025?
True
Is 18 a factor of 5663592?
True
Is 456940 a multiple of 155?
True
Is 13 a factor of 1798940?
True
Is 88944 a multiple of 24?
True
Is 155116 a multiple of 3?
False
Does 5 divide 2102015?
True
Is 201816 a multiple of 4?
True
Does 465 divide 2443110?
True
Does 40 divide 4234840?
True
Is 21 a factor of 116211?
False
Does 49 divide 2819460?
True
Is 29 a factor of 27504760?
True
Does 189 divide 173770?
False
Is 152126 a multiple of 13?
True
Is 5099700 a multiple of 1146?
True
Does 23 divide 31257?
True
Does 635 divide 6602?
False
Is 66 a factor of 337986?
True
Is 192 a factor of 423462?
False
Is 8 a factor of 446272?
True
Is 32339 a multiple of 167?
False
Is 11880 a multiple of 44?
True
Is 8 a factor of 69268?
False
Is 15 a factor of 459315?
True
Is 11 a factor of 2008341?
False
Does 465 divide 1391745?
True
Does 20 divide 89096?
False
Is 563 a factor of 429569?
True
Is 295626 a multiple of 15?
False
Does 337 divide 6302187?
False
Is 99210 a multiple of 15?
True
Is 127 a factor of 1865905?
False
Is 1093614 a multiple of 339?
True
Does 112 divide 64064?
True
Is 110487 a multiple of 28?
False
Is 400 a factor of 2188699?
False
Is 683170 a multiple of 530?
True
Is 956 a factor of 858488?
True
Is 58 a factor of 9351572?
True
Is 31 a factor of 154225?
True
Is 37 a factor of 43202?
False
Is 148520 a multiple of 158?
True
Is 15 a factor of 34440?
True
Is 28 a factor of 452899?
False
Does 22 divide 2561592?
True
Does 83 divide 1202421?
True
Is 12201 a multiple of 154?
False
Is 46722 a multiple of 46?
False
Is 7 a factor of 17206?
True
Is 6641084 a multiple of 34?
True
Is 28 a factor of 141218?
False
Does 287 divide 29561?
True
Is 10 a factor of 1319110?
True
Does 108 divide 2183329?
False
Does 926 divide 1448808?
False
Is 87 a factor of 6389319?
False
Does 50 divide 10236950?
True
Is 25824 a multiple of 38?
False
Is 29 a factor of 454749?
True
Is 24 a factor of 2860960?
False
Is 5414049 a multiple of 429?
False
Does 284 divide 40310?
False
Is 162839 a multiple of 103?
False
Is 17132745 a multiple of 571?
False
Is 6447887 a multiple of 367?
False
Is 535297 a multiple of 69?
False
Is 351 a factor of 6807996?
True
Does 6 divide 26652?
True
Is 10351248 a multiple of 569?
True
Is 8776064 a multiple of 156?
False
Does 22 divide 168319?
False
Does 2 divide 36576?
True
Does 477 divide 147870?
True
Does 829 divide 20203559?
True
Is 35 a factor of 6701030?
True
Is 62685 a multiple of 141?
False
Is 2737109 a multiple of 192?
False
Is 220 a factor of 1659499?
False
Does 216 divide 553824?
True
Does 299 divide 932711?
False
Is 39106 a multiple of 123?
False
Does 11 divide 25234?
True
Is 277 a factor of 141317?
False
Does 730 divide 10492115?
False
Is 98826 a multiple of 42?
True
Does 498 divide 1176774?
True
Does 176 divide 5966219?
False
Does 33 divide 3350457?
True
Is 14 a factor of 375738?
False
Is 4 a factor of 8340?
True
Is 208034 a multiple of 55?
False
Is 11 a fact